g**2 + 9*g**2 + 8*g**2. Let v(k) = 6*r(k) + 7*s(k). Determine v(f).
10
Let m(r) = -r**3 + 3*r**2 + 6*r - 1. Suppose 0 = -4*f + f. Suppose 20 = 5*y - f. Give m(y).
7
Suppose -b + 2 + 3 = 0. Let x(q) be the second derivative of q**4/12 - 2*q**3/3 - 3*q**2 - 5*q. Give x(b).
-1
Let y = 42 + -26. Suppose y = 5*u - u. Let l(r) = r + 5. Give l(u).
9
Suppose -4*k = -4*w, 0*k = 3*w - 4*k. Let p(t) be the third derivative of -1/8*t**4 + 0*t + w - 2*t**2 - 5/6*t**3. Give p(-4).
7
Let d be (2/3)/(6/27). Let f(h) = 2*h**d - 3*h**3 - 6 + 0*h**3 + 1 + h + 4*h**2. Suppose -4*r + 4*s + 7 = -1, 0 = -3*r - 5*s + 22. Calculate f(r).
-1
Suppose 0 = -2*k - 6, 3*k + 45 = 5*f - 2*k. Let i be f*(-1 - 1/(-3)). Let d(m) = -m**2 - 4*m + 5. Give d(i).
5
Let l(k) be the second derivative of 4*k - 1/6*k**3 + 0 - k**2. Suppose -4*o + i = 17, 4*o = 4*i - 13 - 19. What is l(o)?
1
Let t be 6/(-8)*-14*(-6)/(-9). Let a(s) = -s**2 + 6*s - 3. Give a(t).
-10
Let m(v) be the third derivative of -v**5/60 - v**4/3 + 5*v**3/6 - 16*v**2. What is m(-6)?
17
Let h(r) = 21*r - 36. Let k(l) = -3*l + 5. Let s(y) = -2*h(y) - 15*k(y). Let c be s(0). Let x(b) = b**3 + 3*b**2 - b - 2. Give x(c).
1
Suppose -2*k = 10, 4*k + 14 = 3*j - 2*j. Let u(w) = w**3 + 7*w**2 + 6*w + 6. Determine u(j).
6
Let c(z) = z**3 + 4*z - 6. Let a = -9 + 6. Let s(v) = -2*v**3 - 7*v + 13. Let f(o) = a*s(o) - 5*c(o). Give f(0).
-9
Let m = 4 - 14. Let t be m/(-2) + -1 - 2. Let d(r) = 4*r - 7. Let k(o) = 3*o - 6. Let f(u) = 5*d(u) - 6*k(u). What is f(t)?
5
Let b be (-98)/32*-2 - (-3)/(-24). Let d(a) = a**2 - 9*a + 6. What is d(b)?
-12
Let p(z) be the first derivative of -z**3 - z**2 + 2*z - 19. Suppose -2*x = x + 6. Determine p(x).
-6
Let l(x) be the first derivative of 1/60*x**5 + 1 + 0*x + 1/4*x**4 + x**2 + 1/6*x**3. Let r(s) be the second derivative of l(s). What is r(-5)?
-4
Let u(k) = -7*k - 29. Let o be u(-5). Let g(z) = z**3 - 7*z**2 + 6*z - 8. Determine g(o).
-8
Let p = 7 + -7. Let d = p + 5. Let m(o) = -5*o**2 + 9*o - 20. Let b(k) = -k**2 + 2*k - 4. Let r(h) = -11*b(h) + 2*m(h). Determine r(d).
9
Let h(n) = -72 + 37 - 2*n + 36. Determine h(-3).
7
Let u(f) = -15*f**2 + f + 1. Suppose 11*t + 10 = -1. Give u(t).
-15
Let v(t) = -t**2 + t + 2. Let m = -28 - -31. What is v(m)?
-4
Let l(h) = -4*h**2 - h + 4. Let s = -2 + 5. Let c(p) be the first derivative of -7*p**3/3 - p**2/2 + 7*p + 1. Let b(u) = s*c(u) - 5*l(u). Calculate b(2).
1
Let q(i) = i**2 + 21*i - 1. Let c(n) = n. Let h(y) = -8*y. Let l(u) = -36*c(u) - 4*h(u). Let o(w) = -11*l(w) - 2*q(w). What is o(3)?
-10
Let k(g) = 3*g - 2*g - 2*g - 4 + 0*g**2 + g**2. Let n = -10 - -14. Let h(t) = -2*t + 5. Let a be h(n). What is k(a)?
8
Let f(p) = -2032*p**2 - p - 2 + p + 2031*p**2. Calculate f(2).
-6
Let u(s) be the second derivative of -s**4/12 - 7*s**3/6 - s**2 - s. What is u(-7)?
-2
Let r(s) be the first derivative of -s**3/3 - 7*s**2/2 - 3*s - 2. Suppose 2*a + 12 = 2*h, -4*a = a + 4*h + 30. Calculate r(a).
3
Let m(z) = -12*z + 1. Suppose 5*w + g - 10 = 0, -6*w + 2*w + 4*g = 16. Determine m(w).
-11
Let s(l) = -4*l + 3*l - 3*l**2 - 2*l. Let m(d) = -d**2 + 8*d - 14. Let x be m(6). Give s(x).
-6
Let v(i) be the first derivative of i**2/2 + 2*i + 27. Give v(4).
6
Suppose 0 = -5*x + 13 + 7, -2*k = -x - 4. Let b(y) = y**2 - 5*y + 7. Let p(a) = -2*a**2 + 11*a - 14. Let f(u) = k*p(u) + 9*b(u). Give f(0).
7
Let s be ((-12)/(-33))/(4/22). Let r(w) be the second derivative of -1/6*w**3 - 1/12*w**4 - 4*w + 1/20*w**5 + 0 - 3*w**s. Determine r(0).
-6
Let i(f) be the second derivative of -f**4/12 + f**3/6 + f**2/2 + 2*f. Let n be i(0). Let k(y) = -y + n - 3 + 2. Give k(-4).
4
Suppose -4*k = j - 5*j + 8, 0 = 2*k - 2. Let m(z) be the first derivative of z**4/4 - z**3/3 - 3*z**2/2 + 3*z + 1. Give m(j).
12
Let d(r) = -r**3 + 6*r**2 + 2*r - 6. Let i be 6/33 + 26/(-22). Let s be 6*(2 - i/(-1)). Determine d(s).
6
Let m(f) be the second derivative of 0 + 1/2*f**2 - 2*f - 2/3*f**3. Calculate m(1).
-3
Let y(p) = -7*p**2 + 10*p - 7. Let r(q) = 8*q**2 - 11*q + 8. Suppose i = 5*j + 2*i + 37, 0 = -5*i - 10. Let h(b) = j*y(b) - 6*r(b). Calculate h(3).
-2
Suppose 0 = -2*l - l + 6. Suppose v = l*h - 3*h - 1, 2*v = -4*h - 6. Let p(w) = -w**3. Let g(n) = 2*n + 3. Let c(k) = v*g(k) - p(k). Determine c(-2).
-9
Let b(g) = 8*g - 4*g + 4*g - 3*g. What is b(1)?
5
Let j(z) = z**2 + 6*z + 5. Let x be j(-5). Let d be (x - 2)*(-10)/(-4). Let r(q) = q**2 + 6*q - 5. Calculate r(d).
-10
Let p(z) = 4*z**2 - 9*z + 4. Let m(n) = 3*n**2 - 8*n + 4. Let l = -9 - -13. Let b(k) = l*p(k) - 5*m(k). Determine b(-5).
1
Let g(r) = 2*r**3 - 4*r**2 - 2*r - 1. Let m(o) = -5*o**3 + 7*o**2 + 4*o + 2. Let i(n) = 5*g(n) + 3*m(n). Calculate i(-1).
5
Let v(h) be the third derivative of 10*h**2 + 0 + 0*h - 1/3*h**3 + 1/6*h**4. Determine v(3).
10
Let g(q) = q + 8*q**2 - 3*q - 9*q**2 - 2*q + 1. Calculate g(-4).
1
Let q(f) = 4*f + 5. Let w(v) = 1. Let i(j) = -j**3 + 7*j**2 + 9*j - 7. Let k be i(8). Let n(l) = k*q(l) - 6*w(l). Determine n(3).
11
Suppose 2*h = 0, -8 = -4*d - 0*h + 2*h. Let t(y) = y. Calculate t(d).
2
Suppose -5*z + 25 = -3*g - 2*g, -13 = -z + 5*g. Let u(j) = 5*j**3 - 4*j**3 + 2*j - 2*j**2 + 0*j**z - j**2. Determine u(2).
0
Let p(i) = i**2 - 6*i - 5. Let u be (-1)/(2 - (-30)/(-14)). Let b be p(u). Let o(s) = -1 + 5*s + 2*s - s**b - 3. Determine o(3).
8
Let m(d) = 6*d**2 - 3*d + 8*d - 2*d**3 + 0*d**3 + 3*d**3. What is m(-5)?
0
Let a(z) = z**3 + 7*z**2 + 7*z + 8. Let w be a(-6). Let r(s) = 5*s - 2*s - w*s + 7 - 17. Give r(0).
-10
Let y(d) = -d**2 + 3*d - 6. Suppose -n + 14 = 10. What is y(n)?
-10
Let v(o) = -o**2 - o. Let m(t) be the first derivative of 5*t**3/3 + 3*t**2 + 2*t + 2. Let d(n) = -m(n) - 4*v(n). What is d(-4)?
-10
Suppose 3*a = 5*n - 2*a - 20, -n = -3*a - 4. Suppose 2*b = 7*b - d - n, 2*d = 2*b. Let z(f) = b + 2*f + 3*f + f - f**2. What is z(5)?
6
Let l(g) = g**2 - g - 5. Let x be 6/4*(-4)/6. Let y = 1 + x. Calculate l(y).
-5
Suppose -5*v - 27 = 8. Let j(b) = b**2 + 4*b - 6. Determine j(v).
15
Let n(g) be the second derivative of g**5/120 + 11*g**4/24 + 4*g**3/3 + 3*g. Let i(m) be the second derivative of n(m). Let w = -1 - -1. Calculate i(w).
11
Let d(l) = -l + 1. Let u = -110 - -104. Calculate d(u).
7
Let r(d) be the second derivative of d**5/30 + d**4/6 - d**3/2 - 3*d**2 - 2*d. Let k(u) be the first derivative of r(u). Give k(2).
13
Let s = -2 - 5. Let x(y) be the first derivative of y**3/3 + 3*y**2 - 4*y + 1. Let i be x(s). Let k(n) = 2*n**2 - 4*n. What is k(i)?
6
Let i = 385/6 + -64. Let r(b) be the second derivative of 0 + 0*b**2 - i*b**3 + 2*b + 1/3*b**4. What is r(1)?
3
Let u be -2*2/(4/(-7)). Let l = 1 - u. Let v(r) = -7*r**2 - 1. Let i(t) = -13*t**2 - t - 2. Let g(d) = 6*i(d) - 11*v(d). Determine g(l).
-1
Let f(j) = 3 + 2*j**2 - 6*j**2 + 2*j + 3*j**2. Suppose -3*w + 10 = 1. Determine f(w).
0
Let u(j) = -j**2 - 7*j + 1. Let b = 7 - 13. Give u(b).
7
Let n(i) = i**2 + 8*i - 13. Let u be n(-10). Let p(s) = -5*s + 0*s + 4*s - u + 1. Give p(-5).
-1
Let x be 8/3*(-14 + 2). Let h = x + 27. Let y(n) = -n**3 - 6*n**2 - 4*n + 1. Calculate y(h).
-4
Let a(l) = -2*l**2 - 10*l + 4. Let d(x) be the second derivative of x**4/4 + 19*x**3/6 - 4*x**2 - 5*x. Let n(o) = -5*a(o) - 3*d(o). What is n(3)?
-8
Let z(t) be the third derivative of t**4/12 + 5*t**3/6 + 43*t**2. Calculate z(-4).
-3
Let c(g) = g**3 + 6*g**2 + 3*g - 4. Let a be (12/5)/((-18)/(-45)). Let y be (-18)/27 + 16/a. Let p be (y - -3)/(-5 - -4). Give c(p).
6
Let f(i) = 2*i + 1. Suppose q + 11 = 4*y + 4*q, y + 1 = 3*q. Suppose y*m + 2*m = 4. Suppose h - m = -3. What is f(h)?
-3
Let w = -5 + 5. Let f be (-12)/7 + 4/(-14). Let d = w + f. Let m(u) = -u**3 - 2*u**2 - 2*u - 3. Calculate m(d).
1
Suppose 0 = q - 4*q + 15. Suppose -4*b - 14 = 3*t, -2*b - 5 = 3*t + q. Let z = 1 + b. Let f(l) = 5*l**3 + 2*l**2 + 2*l + 1. Calculate f(z).
-4
Let n be (-2)/(-9) + (-40)/18. Let f = 3 - n. Let r(j) = 4*j**2 + 8*j - 4. Let x(o) = -3*o**2 - 7*o + 3. Let q(c) = -4*r(c) - 5*x(c). Give q(f).
-9
Let x(u) = -2*u**2 - 5*u + 11. Let v(z) = -z**2 - 2*z + 5. Let r(k) = -5*v(k) + 3*x(k). What is r(-7)?
-6
Let y(d) = 3*d**3 - d**2 + 1. Let t(q) = -q**2 + 2. Let o be t(0). Suppose -4*m + 6*m = 4*l + o, -4*l + m = 3. Determine y(l).
-3
Suppose 3*z + 5*v = -10, 2*z - 4*v = -2*z + 8. Let h(s) = 